{"version":"1.0","provider_name":"AIDV","provider_url":"https:\/\/www.aidv.org\/fr\/","author_name":"Romain Fabre","author_url":"https:\/\/www.aidv.org\/fr\/author\/studiomilk\/","title":"Europe &#8212; AIDV","type":"rich","width":600,"height":338,"html":"<blockquote class=\"wp-embedded-content\" data-secret=\"pVzXBMU9Se\"><a href=\"https:\/\/www.aidv.org\/fr\/regions\/europe\/\">Europe<\/a><\/blockquote><iframe sandbox=\"allow-scripts\" security=\"restricted\" src=\"https:\/\/www.aidv.org\/fr\/regions\/europe\/embed\/#?secret=pVzXBMU9Se\" width=\"600\" height=\"338\" title=\"\u00ab\u00a0Europe\u00a0\u00bb &#8212; AIDV\" data-secret=\"pVzXBMU9Se\" frameborder=\"0\" marginwidth=\"0\" marginheight=\"0\" scrolling=\"no\" class=\"wp-embedded-content\"><\/iframe><script type=\"text\/javascript\">\n\/* <![CDATA[ *\/\n\/*! This file is auto-generated *\/\n!function(d,l){\"use strict\";l.querySelector&&d.addEventListener&&\"undefined\"!=typeof URL&&(d.wp=d.wp||{},d.wp.receiveEmbedMessage||(d.wp.receiveEmbedMessage=function(e){var t=e.data;if((t||t.secret||t.message||t.value)&&!\/[^a-zA-Z0-9]\/.test(t.secret)){for(var s,r,n,a=l.querySelectorAll('iframe[data-secret=\"'+t.secret+'\"]'),o=l.querySelectorAll('blockquote[data-secret=\"'+t.secret+'\"]'),c=new RegExp(\"^https?:$\",\"i\"),i=0;i<o.length;i++)o[i].style.display=\"none\";for(i=0;i<a.length;i++)s=a[i],e.source===s.contentWindow&&(s.removeAttribute(\"style\"),\"height\"===t.message?(1e3<(r=parseInt(t.value,10))?r=1e3:~~r<200&&(r=200),s.height=r):\"link\"===t.message&&(r=new URL(s.getAttribute(\"src\")),n=new URL(t.value),c.test(n.protocol))&&n.host===r.host&&l.activeElement===s&&(d.top.location.href=t.value))}},d.addEventListener(\"message\",d.wp.receiveEmbedMessage,!1),l.addEventListener(\"DOMContentLoaded\",function(){for(var e,t,s=l.querySelectorAll(\"iframe.wp-embedded-content\"),r=0;r<s.length;r++)(t=(e=s[r]).getAttribute(\"data-secret\"))||(t=Math.random().toString(36).substring(2,12),e.src+=\"#?secret=\"+t,e.setAttribute(\"data-secret\",t)),e.contentWindow.postMessage({message:\"ready\",secret:t},\"*\")},!1)))}(window,document);\n\/\/# sourceURL=https:\/\/www.aidv.org\/wp-includes\/js\/wp-embed.min.js\n\/* ]]> *\/\n<\/script>\n","thumbnail_url":"https:\/\/www.aidv.org\/wp-content\/uploads\/2024\/01\/europe.svg","thumbnail_width":600,"thumbnail_height":600,"description":"Chers amis, Ayant eu l\u2019honneur d\u2019\u00eatre \u00e9lu Pr\u00e9sident de la section europ\u00e9enne de l\u2019AIDV, c\u2019est avec une grande fiert\u00e9 qu\u2019au nom de son bureau et de ses nombreux membres, je vous pr\u00e9sente notre association qui accueille tous ceux qui s\u2019int\u00e9ressent, en Europe, \u00e0 la r\u00e9glementation de la fili\u00e8re vitivinicole. Dans la continuit\u00e9 du travail fourni [&hellip;]"}

Chers amis, Ayant eu l’honneur d’être élu Président de la section européenne de l’AIDV, c’est avec une grande fierté qu’au nom de son bureau et de ses nombreux membres, je vous présente notre association qui accueille tous ceux qui s’intéressent, en Europe, à la réglementation de la filière vitivinicole. Dans la continuité du travail fourni [&hellip;]
